= 1296 + d. What is the units digit of o?
4
Let x(c) = 2*c**3 + 121*c**2 + 50*c + 937. What is the ten thousands digit of x(-57)?
2
Let a be -1*-3*5 + (-19 - -14). Suppose -a*w = -7893 - 6407. What is the thousands digit of w?
1
Let r be (-6)/14 - 10523/(-119). Let z be (r/2)/((-2)/(-6)). Let v = z - 97. What is the tens digit of v?
3
Suppose -6 = 3*a, 0 = -2*f - 3*f + a + 77. What is the tens digit of 1/(-5) + 4803/f?
2
What is the ten thousands digit of ((-72)/21)/(49/(13393464/(-16)))?
5
Suppose -n = 2*m - 9699 - 10226, 3*m + 4*n - 29885 = 0. What is the tens digit of m?
6
Let l(q) be the third derivative of q**8/1440 - q**6/240 - q**5/15 - 14*q**2. Let t(p) be the third derivative of l(p). What is the tens digit of t(2)?
5
Suppose -26*t = -77547 - 14415. What is the tens digit of t/(-6)*2/(-3)?
9
Suppose 0 = -5*t, -58*g + 57*g - 3*t = -4. Suppose -2932 = -g*j - m, -2*m - 1284 = -2*j + 192. What is the tens digit of j?
3
Let w be 4 - 15/(30/(-56)). Suppose -w*x + 3969 = -11*x. What is the hundreds digit of x?
1
Suppose -2*o = -2*n - 2 - 0, 4*n - 6 = -o. Let g be 4/3*((-245)/o - 2). Let r = 256 + g. What is the units digit of r?
0
Let v be (6/4 + 7)*-22. What is the tens digit of (-6488)/(-11) + 1649/v + 9?
9
Suppose -32*l + 0*l = -5632. Suppose 0 = -2*p - i + 382, 2*i - l = 5*p - 1113. What is the tens digit of p?
8
Let u(g) = 7*g**2 - 32*g + 47. Let h(r) = 11*r**2 - 48*r + 72. Let d(q) = -5*h(q) + 8*u(q). What is the tens digit of d(-19)?
8
Let r be 0 + 3/12 + (-4034)/8. Let d = -341 - r. What is the hundreds digit of d?
1
Let f(q) = 109 - 33 + 34*q - 29. What is the hundreds digit of f(8)?
3
Let x(w) = 237*w**2 - 131*w - 566. What is the tens digit of x(-5)?
1
Suppose 5*k - 67 - 53 = 0. Let y = k - 12. Suppose y*m - 16*m + 524 = 0. What is the hundreds digit of m?
1
Suppose -4*x = -8, -2*m - 105*x + 86*x = -69156. What is the units digit of m?
9
Suppose 5*c - 5*t = 58095, -541*t - 23223 = -2*c - 542*t. What is the thousands digit of c?
1
Let s(z) = -2644*z + 1946. What is the tens digit of s(-6)?
1
Suppose -2*r - 12 = -2*t, -4*t + 23 = t + 2*r. Let p(y) = 39*y - 34*y + 6*y**2 - 4*y**2 + 11. What is the tens digit of p(t)?
8
What is the ten thousands digit of ((-1762292)/(-98))/(36/21) - (-2)/12?
1
Let i(v) = 149*v - 621. What is the hundreds digit of i(12)?
1
Suppose -31 + 49 = 6*o. Suppose -4*j + 573 + 1520 = -s, -o*j = 2*s - 1556. What is the hundreds digit of j?
5
Let m(n) = n + 2. Let d be m(-2). Suppose 120 = 5*y - 4*f, -y = -2*f - 18 - d. Suppose 0 = -30*u + y*u + 76. What is the units digit of u?
8
Let s(j) = -j**3 - 10*j**2 - 9*j - 4. Let n be s(-9). Let q be (-6)/24 - ((-265)/n)/(-1). Suppose -64*c - 62 = -q*c. What is the units digit of c?
1
Let q be (8 + -15)*(-1019 + 0). Suppose 15*k - 8*k = q. What is the thousands digit of k?
1
Let s be (-41886)/(-169) + (-4)/(-26). Suppose 23 = 3*p + s. Let y = 45 - p. What is the tens digit of y?
2
Let i be 6 + (-18)/(-27)*3. Suppose j - 2*w = 891, 3*j - i*w = -5*w + 2685. What is the hundreds digit of j?
8
Let f(v) = -28*v**3 - 2*v**2 + 7*v + 5. Let p be f(2). Let r = 898 - p. What is the hundreds digit of r?
1
Let z = 4177 - 2436. Suppose 8*s - z = 4627. What is the units digit of s?
6
Let z = -41855 + 56798. What is the thousands digit of z?
4
Let k = 4413 - 2236. Let g = k - 669. What is the thousands digit of g?
1
Suppose -302*w = -371*w + 1306722. What is the tens digit of w?
3
Suppose 14*r - 6770 = 4*r. Let u = r + -240. What is the tens digit of u?
3
Let d(o) be the second derivative of o**5/20 - 8*o**4/3 - 10*o**3/3 - 53*o**2/2 + 159*o. What is the hundreds digit of d(33)?
3
Let w = 870 - -2229. What is the hundreds digit of w?
0
Suppose 3*p + l = 265, 4*p = 2*p - l + 175. Let r = 92 - p. What is the tens digit of -3 + r + -19*(0 + -8)?
5
Let p = 221379 + -146493. What is the ten thousands digit of p?
7
Let p = -83 - -15. Let r = 82 + p. What is the units digit of r?
4
Let m = 71648 - 10588. What is the hundreds digit of m?
0
Suppose 0 = -5*y - 15*y + 40. Suppose y*j + 5 - 247 = 0. What is the tens digit of j?
2
Let k(b) = b**3 + b**2 - b - 1. Let r(d) = 2*d**3 + 18*d**2 + 12*d + 10. Let l(a) = 3*k(a) - r(a). Let x be l(16). What is the units digit of (204/18)/(2/x)?
7
Let y(k) = 2982*k**2 + 240*k + 705. What is the ten thousands digit of y(-3)?
2
Let y(f) = f**2 - 23*f + 81. Let t be y(19). Suppose 5*z = -t*j + 835, -172 = -z + j + 3*j. What is the tens digit of z?
6
Let l be (6/(-8))/((-42)/(-16))*-7. Let v be (12/54)/(l/36). Suppose 2 + 1 = 3*u, v*j = -4*u + 224. What is the tens digit of j?
5
Suppose -2*a + 6997 = h, -3*a = -47*h + 44*h + 21000. What is the hundreds digit of h?
9
Let u(g) = -12 + 27*g - 11 - 2. Let x(v) = -69*v - 545. Let f be x(-8). What is the units digit of u(f)?
4
Let r(u) = 3*u**3 - 19*u**2 + 7*u - 4. Let z be r(6). What is the hundreds digit of (-2)/(-16)*3103 + z/16?
3
Let s be (-39)/52 + 150/8. What is the hundreds digit of (4 + (-60)/s)*1059?
7
Let a be (-15*(-40)/72)/((-1)/(-21)). Suppose 0 = v - 5, a = 4*r + 5*v - 562. What is the units digit of r?
8
Let r(k) = 7*k - 123. Let n(l) = -7*l + 124. Let j(m) = -2*n(m) - 3*r(m). What is the tens digit of j(-35)?
6
Suppose -2*j - 5*c + 1976 = 0, -2*j = -6*j - 3*c + 3952. Suppose -d + j = 4*g - 583, -3*d = -5*g + 1985. What is the tens digit of g?
9
Let l(k) = -k**3 + 16*k**2 + 19*k - 32. Let j be l(17). What is the hundreds digit of (-4)/1 + 412/j + -9?
1
Let h(u) = 19*u**2 - 16*u + 2. Let n be h(-5). Let i = n - 240. What is the hundreds digit of i?
3
Suppose 9*i = -3*v + 8*i + 28, 0 = 4*i - 16. What is the units digit of 3/8 + 2669/v?
4
Suppose -2*d - 4*p + 27364 = 0, 2*p = -12*d - 60003 + 224121. What is the units digit of d?
6
Let g = -338 - -78. Let n = g + 521. What is the units digit of n?
1
Suppose -3*z + 7701 = -3*s, 4*z = 95*s - 93*s + 10254. What is the thousands digit of z?
2
What is the thousands digit of (36/42)/(-3) - 426400/(-56)?
7
Let p = -2346 + 2524. Suppose 119 = b - 2*z, 0 = -6*b + 3*b + 5*z + 356. Let g = p - b. What is the tens digit of g?
6
Suppose -3*a + y + 6149 = 0, -5*a = 5*y - 8641 - 1574. Suppose -12*t = -a - 2968. What is the hundreds digit of t?
4
Let h(i) = 14 + 318 - 102 + 230 + i. What is the tens digit of h(0)?
6
Let z = -2337 - -10190. What is the hundreds digit of z?
8
Let c(h) = -7*h**3 - 12*h**2 + 13*h - 42. What is the thousands digit of c(-11)?
7
Suppose -5*a + f - 1487 = 0, -5*a + 6*f = f + 1495. What is the units digit of -5*((-3)/12 - a/(-12))?
5
Let c = -7295 + 4259. What is the hundreds digit of (2/6)/((-4)/c)?
2
Let o(l) = -489*l + 203. What is the ten thousands digit of o(-24)?
1
Suppose -4*t - r + 7422 = -4335, -2*t - 2*r = -5874. Suppose -14*m - m = -t. What is the units digit of m?
6
Let u = 172 - 172. Suppose -9*q = -12*q + m + 1009, 4*q - m - 1347 = u. What is the tens digit of q?
3
Suppose -54*l + 1143 + 1395 = 0. Let d = 3 + -1. Suppose -g - l = -d*w, 4*w - 2*g = -g + 95. What is the units digit of w?
4
Let t(f) = 49*f**2 + 11*f + 1788. What is the hundreds digit of t(35)?
1
Let j = 2609 + -1366. Let n = j + -227. What is the units digit of n?
6
Suppose 8192 = 4*g - 5*x, -4*x + 267 - 4369 = -2*g. Let j = -228 - -230. What is the units digit of j/8 - g/(-36)?
7
Let f = 809 + 5893. What is the hundreds digit of f?
7
Suppose 0*w - 4*h = -w - 13, 0 = -4*w - 4*h + 48. Let q = w - -155. Suppose c = -3, 3*p = p - 2*c + q. What is the units digit of p?
4
Let p(i) be the second derivative of -43*i**3/6 - 75*i**2/2 - 76*i. What is the tens digit of p(-15)?
7
Let x be 1/((-4)/(-28) + 0). Suppose -6*r - 152 = -x*r. Suppose 0 = -10*d - r + 1122. What is the units digit of d?
7
Let o be (-1 - (-9)/2)/(4/(-16)). Let m be (-99)/21 - o/(-49). What is the units digit of m*34*(10 - 11)?
0
Let n(r) = 662*r**2 + 68*r - 748. What is the tens digit of n(10)?
3
Let d = 403 - 398. Suppose 4*j = s - 1430, -d*s - 3*j + 5739 = -s. What is the thousands digit of s?
1
Suppose -32*m + 4*q + 56803 = -31*m, m = q + 56818. What is the hundreds digit of m?
8
Let v be ((-6)/5)/((-6)/15). Let o = 162 + -158. Suppose -z + 156 = -v*q + 19, -o*q + 16 = 0. What is the units digit of z?
9
Let c = 30085 - -11291. What is the units digit of c?
6
Suppose 63 = -6*d - 3*d. Let n be (3 - (5 +